{"id":158,"date":"2022-07-29T11:33:44","date_gmt":"2022-07-29T09:33:44","guid":{"rendered":"http:\/\/version2.comeapro.fr\/?page_id=158"},"modified":"2023-04-20T17:40:52","modified_gmt":"2023-04-20T15:40:52","slug":"machines-speciales","status":"publish","type":"page","link":"https:\/\/www.comeapro.fr\/index.php\/nos-process\/machines-speciales\/","title":{"rendered":"Machines sp\u00e9ciales"},"content":{"rendered":"\n<p>Nous d\u00e9veloppons une multitude de machines tr\u00e8s sp\u00e9cifiques adaptables selon vos besoins.<\/p>\n\n\n\n<p>En voici quelques exemples&nbsp;:<\/p>\n\n\n\n<ul class=\"wp-block-list\">\n<li><strong>Trancheur tomates<\/strong><\/li>\n\n\n\n<li><strong>Trancheur sandwiches<\/strong><\/li>\n\n\n\n<li><strong>Tasseur de bocaux<\/strong><\/li>\n<\/ul>\n\n\n\n<ul class=\"wp-block-list\">\n<li><strong>Pinces de pr\u00e9hension<\/strong><\/li>\n\n\n\n<li><strong>Trancheur filets<\/strong><\/li>\n\n\n\n<li><strong>Manipulateur de jambon<\/strong><\/li>\n\n\n\n<li><strong>Trieur de visc\u00e8res<\/strong><\/li>\n<\/ul>\n\n\n\n<p><a href=\"http:\/\/www.comeapro.fr\/contact\/\">N\u2019h\u00e9sitez pas \u00e0 nous solliciter&nbsp;!<\/a><\/p>\n\n\n\n<figure class=\"wp-block-image size-large is-resized\"><img loading=\"lazy\" decoding=\"async\" src=\"https:\/\/version2.comeapro.fr\/wp-content\/uploads\/2023\/04\/Trancheur-1024x576.jpg\" alt=\"\" class=\"wp-image-285\" width=\"546\" height=\"306\" srcset=\"https:\/\/www.comeapro.fr\/wp-content\/uploads\/2023\/04\/Trancheur-1024x576.jpg 1024w, https:\/\/www.comeapro.fr\/wp-content\/uploads\/2023\/04\/Trancheur-300x169.jpg 300w, https:\/\/www.comeapro.fr\/wp-content\/uploads\/2023\/04\/Trancheur-768x432.jpg 768w, https:\/\/www.comeapro.fr\/wp-content\/uploads\/2023\/04\/Trancheur-1536x864.jpg 1536w, https:\/\/www.comeapro.fr\/wp-content\/uploads\/2023\/04\/Trancheur-2048x1152.jpg 2048w, https:\/\/www.comeapro.fr\/wp-content\/uploads\/2023\/04\/Trancheur-107x60.jpg 107w\" sizes=\"auto, (max-width: 546px) 100vw, 546px\" \/><\/figure>\n\n\n\n<h3 class=\"wp-block-heading\">Secteurs<\/h3>\n\n\n\n<p><strong>IAA (Industrie AgroAlimentaire)<\/strong><\/p>\n\n\n\n<ul class=\"wp-block-list\">\n<li>Viande (bovins et volailles)<\/li>\n\n\n\n<li>Produits de la mer<\/li>\n\n\n\n<li>Boulangerie<\/li>\n\n\n\n<li>Viennoiserie \u2013 Biscuiterie<\/li>\n\n\n\n<li>Produits \u00e9labor\u00e9s<\/li>\n<\/ul>\n","protected":false},"excerpt":{"rendered":"<p>Nous d\u00e9veloppons une multitude de machines tr\u00e8s sp\u00e9cifiques adaptables selon vos besoins. En voici quelques exemples&nbsp;: N\u2019h\u00e9sitez pas \u00e0 nous solliciter&nbsp;! Secteurs IAA (Industrie AgroAlimentaire)<\/p>\n","protected":false},"author":1,"featured_media":0,"parent":22,"menu_order":4,"comment_status":"closed","ping_status":"closed","template":"","meta":{"footnotes":""},"class_list":["post-158","page","type-page","status-publish","hentry"],"_links":{"self":[{"href":"https:\/\/www.comeapro.fr\/index.php\/wp-json\/wp\/v2\/pages\/158","targetHints":{"allow":["GET"]}}],"collection":[{"href":"https:\/\/www.comeapro.fr\/index.php\/wp-json\/wp\/v2\/pages"}],"about":[{"href":"https:\/\/www.comeapro.fr\/index.php\/wp-json\/wp\/v2\/types\/page"}],"author":[{"embeddable":true,"href":"https:\/\/www.comeapro.fr\/index.php\/wp-json\/wp\/v2\/users\/1"}],"replies":[{"embeddable":true,"href":"https:\/\/www.comeapro.fr\/index.php\/wp-json\/wp\/v2\/comments?post=158"}],"version-history":[{"count":4,"href":"https:\/\/www.comeapro.fr\/index.php\/wp-json\/wp\/v2\/pages\/158\/revisions"}],"predecessor-version":[{"id":286,"href":"https:\/\/www.comeapro.fr\/index.php\/wp-json\/wp\/v2\/pages\/158\/revisions\/286"}],"up":[{"embeddable":true,"href":"https:\/\/www.comeapro.fr\/index.php\/wp-json\/wp\/v2\/pages\/22"}],"wp:attachment":[{"href":"https:\/\/www.comeapro.fr\/index.php\/wp-json\/wp\/v2\/media?parent=158"}],"curies":[{"name":"wp","href":"https:\/\/api.w.org\/{rel}","templated":true}]}}