{"id":162,"date":"2022-07-29T11:35:41","date_gmt":"2022-07-29T09:35:41","guid":{"rendered":"http:\/\/version2.comeapro.fr\/?page_id=162"},"modified":"2023-04-20T17:41:13","modified_gmt":"2023-04-20T15:41:13","slug":"chargement-dechargement-four-surgelateur","status":"publish","type":"page","link":"https:\/\/www.comeapro.fr\/index.php\/nos-process\/chargement-dechargement-four-surgelateur\/","title":{"rendered":"Chargement &#038; d\u00e9chargement four\/surg\u00e9lateur"},"content":{"rendered":"\n<h2 class=\"wp-block-heading\">Convoyeur r\u00e9tractable<\/h2>\n\n\n\n<p>En maille modulaire ou inox pour un chargement et d\u00e9chargement entr\u00e9e et sortie de cuisson, refroidissement. Gain de place dans vos ateliers.<\/p>\n\n\n\n<h2 class=\"wp-block-heading\">Convoyeur spirale<\/h2>\n\n\n\n<p>Convoyeur courbe guid\u00e9 permettant de transporter des charges dans le sens vertical (ascendant ou descendant) Convoyeur \u00e9galement appel\u00e9 tour \u00e9l\u00e9vatrice, tour h\u00e9lico\u00efdale ou&nbsp;\u00e9l\u00e9vateur\/descenseur h\u00e9lico\u00efdal. Permet tout changement de niveau avec un encombrement minimal.<\/p>\n\n\n\n<figure class=\"wp-block-image size-full is-resized\"><img loading=\"lazy\" decoding=\"async\" src=\"http:\/\/version2.comeapro.fr\/wp-content\/uploads\/2023\/04\/Convoyeur-spirale.jpg\" alt=\"Convoyeur spirale\" class=\"wp-image-235\" width=\"390\" height=\"438\" srcset=\"https:\/\/www.comeapro.fr\/wp-content\/uploads\/2023\/04\/Convoyeur-spirale.jpg 627w, https:\/\/www.comeapro.fr\/wp-content\/uploads\/2023\/04\/Convoyeur-spirale-267x300.jpg 267w, https:\/\/www.comeapro.fr\/wp-content\/uploads\/2023\/04\/Convoyeur-spirale-53x60.jpg 53w\" sizes=\"auto, (max-width: 390px) 100vw, 390px\" \/><figcaption class=\"wp-element-caption\">Convoyeur spirale<\/figcaption><\/figure>\n\n\n\n<h2 class=\"wp-block-heading\">Manipulateur \u2013 Transfert<\/h2>\n\n\n\n<p>Transfert de tout type de produits selon votre cahier des charges<\/p>\n\n\n\n<ul class=\"wp-block-list\">\n<li>en Sortie \/ Entr\u00e9e refroidissement<\/li>\n\n\n\n<li>en Sortie\/ Entr\u00e9e four<\/li>\n\n\n\n<li>et remise en ligne de produits<\/li>\n<\/ul>\n\n\n\n<h2 class=\"wp-block-heading\">Basculeur \/ Retourneur<\/h2>\n\n\n\n<p>Syst\u00e8me de manutention automatique qui permet le basculement&nbsp;de bacs Europe pal Box.<\/p>\n\n\n\n<figure class=\"wp-block-image size-large is-resized\"><img loading=\"lazy\" decoding=\"async\" src=\"http:\/\/version2.comeapro.fr\/wp-content\/uploads\/2023\/04\/Basculeur-inox-e1681914393646-576x1024.jpg\" alt=\"Basculeur inox\" class=\"wp-image-264\" width=\"318\" height=\"565\" srcset=\"https:\/\/www.comeapro.fr\/wp-content\/uploads\/2023\/04\/Basculeur-inox-e1681914393646-576x1024.jpg 576w, https:\/\/www.comeapro.fr\/wp-content\/uploads\/2023\/04\/Basculeur-inox-e1681914393646-169x300.jpg 169w, https:\/\/www.comeapro.fr\/wp-content\/uploads\/2023\/04\/Basculeur-inox-e1681914393646-768x1364.jpg 768w, https:\/\/www.comeapro.fr\/wp-content\/uploads\/2023\/04\/Basculeur-inox-e1681914393646-34x60.jpg 34w, https:\/\/www.comeapro.fr\/wp-content\/uploads\/2023\/04\/Basculeur-inox-e1681914393646.jpg 854w\" sizes=\"auto, (max-width: 318px) 100vw, 318px\" \/><figcaption class=\"wp-element-caption\">Basculeur inox<\/figcaption><\/figure>\n\n\n\n<h2 class=\"wp-block-heading\">Secteurs<\/h2>\n\n\n\n<p>IAA (Industrie AgroAlimentaire) \u2022 Viande (bovins et volailles) \u2022 Produits de la mer \u2022 Boulangerie \u2022 Viennoiserie \u2013 Biscuiterie \u2022 Produits \u00e9labor\u00e9s &nbsp;<\/p>\n","protected":false},"excerpt":{"rendered":"<p>Convoyeur r\u00e9tractable En maille modulaire ou inox pour un chargement et d\u00e9chargement entr\u00e9e et sortie de cuisson, refroidissement. Gain de place dans vos ateliers. Convoyeur spirale Convoyeur courbe guid\u00e9 permettant &hellip; <\/p>\n","protected":false},"author":1,"featured_media":0,"parent":22,"menu_order":6,"comment_status":"closed","ping_status":"closed","template":"","meta":{"footnotes":""},"class_list":["post-162","page","type-page","status-publish","hentry"],"_links":{"self":[{"href":"https:\/\/www.comeapro.fr\/index.php\/wp-json\/wp\/v2\/pages\/162","targetHints":{"allow":["GET"]}}],"collection":[{"href":"https:\/\/www.comeapro.fr\/index.php\/wp-json\/wp\/v2\/pages"}],"about":[{"href":"https:\/\/www.comeapro.fr\/index.php\/wp-json\/wp\/v2\/types\/page"}],"author":[{"embeddable":true,"href":"https:\/\/www.comeapro.fr\/index.php\/wp-json\/wp\/v2\/users\/1"}],"replies":[{"embeddable":true,"href":"https:\/\/www.comeapro.fr\/index.php\/wp-json\/wp\/v2\/comments?post=162"}],"version-history":[{"count":5,"href":"https:\/\/www.comeapro.fr\/index.php\/wp-json\/wp\/v2\/pages\/162\/revisions"}],"predecessor-version":[{"id":266,"href":"https:\/\/www.comeapro.fr\/index.php\/wp-json\/wp\/v2\/pages\/162\/revisions\/266"}],"up":[{"embeddable":true,"href":"https:\/\/www.comeapro.fr\/index.php\/wp-json\/wp\/v2\/pages\/22"}],"wp:attachment":[{"href":"https:\/\/www.comeapro.fr\/index.php\/wp-json\/wp\/v2\/media?parent=162"}],"curies":[{"name":"wp","href":"https:\/\/api.w.org\/{rel}","templated":true}]}}