{"id":17,"date":"2022-07-25T17:29:08","date_gmt":"2022-07-25T15:29:08","guid":{"rendered":"http:\/\/version2.comeapro.fr\/?page_id=17"},"modified":"2022-07-25T17:29:08","modified_gmt":"2022-07-25T15:29:08","slug":"notre-savoir-faire-et-nos-competences","status":"publish","type":"page","link":"https:\/\/www.comeapro.fr\/index.php\/notre-savoir-faire-et-nos-competences\/","title":{"rendered":"Notre savoir faire et nos comp\u00e9tences"},"content":{"rendered":"\n<h2 class=\"wp-block-heading\">La Satisfaction du client<\/h2>\n\n\n\n<p>Compos\u00e9e d\u2019une vingtaine de collaborateurs dynamiques et innovants, COMEA PROCESS con\u00e7oit et r\u00e9alise des lignes compl\u00e8tes de production int\u00e9grant des machines sp\u00e9cifiques adapt\u00e9es au cahier des charges de chaque client.<\/p>\n\n\n\n<h2 class=\"wp-block-heading\">Nos m\u00e9tiers et comp\u00e9tences :<\/h2>\n\n\n\n<p>La soci\u00e9t\u00e9 COMEA est organis\u00e9e de la fa\u00e7on suivante :<\/p>\n\n\n\n<ul class=\"wp-block-list\"><li><strong>La Direction,&nbsp;<\/strong>pour la partie relationnelle et commerciale.<\/li><li><strong>Le Bureau d\u2019\u00e9tudes,&nbsp;<\/strong>compos\u00e9 de charg\u00e9s d\u2019affaires pour la conception et le suivi de chantier.<\/li><li><strong>Le p\u00f4le Electricit\u00e9 et Automatisme,&nbsp;<\/strong>pour l\u2019architecture \u00e9lectrique, la mise en mouvement et la mise en route du projet.<\/li><li><strong>L\u2019Atelier,&nbsp;<\/strong>avec diff\u00e9rentes comp\u00e9tences pour la r\u00e9alisation du projet&nbsp;:<\/li><\/ul>\n\n\n\n<p><strong>&nbsp;&nbsp;&nbsp;&nbsp;&nbsp;&nbsp;&nbsp;&nbsp;&nbsp;&nbsp;&nbsp;&nbsp;&nbsp;&nbsp;&nbsp;&nbsp;&nbsp;&nbsp;&nbsp;&nbsp;<\/strong>Chaudronnerie \/ T\u00f4lerie \/ Montage&nbsp;&#8211; M\u00e9canique \/ Tournage&nbsp;&#8211; Usinage &#8211; Fraisage<\/p>\n\n\n\n<ul class=\"wp-block-list\"><li><strong>Le service administratif,&nbsp;<\/strong>pour l\u2019accueil et l\u2019interface avec nos diff\u00e9rents services.<\/li><\/ul>\n\n\n\n<h2 class=\"wp-block-heading\">Nos atouts :<\/h2>\n\n\n\n<ul class=\"wp-block-list\"><li>une innovation constante<\/li><li>une forte r\u00e9activit\u00e9<\/li><li>du professionnalisme<\/li><li>une enti\u00e8re autonomie<\/li><li>une conception des lignes de process sur mesure cl\u00e9 en main.<\/li><\/ul>\n\n\n\n<p>Nos \u00e9quipes sont \u00e0 votre \u00e9coute pour d\u00e9velopper votre process r\u00e9pondant \u00e0 vos besoins sp\u00e9cifiques.<\/p>\n\n\n\n<h2 class=\"wp-block-heading\">Outil moderne et performant<\/h2>\n\n\n\n<p>Nous disposons d\u2019un outil moderne et performant pour r\u00e9pondre \u00e0 vos besoins :<\/p>\n\n\n\n<ul class=\"wp-block-list\"><li>Tours,<\/li><li>Centres d\u2019usinage \u00e0 commande num\u00e9rique,<\/li><li>Centre de D\u00e9coupe laser,<\/li><li>Presse Plieuse \u00e0 commande num\u00e9rique 3D<\/li><li>Scie \u00e0 ruban \u00e0 commande num\u00e9rique\u2026<\/li><\/ul>\n\n\n\n<p><strong>Tous nos process sont enti\u00e8rement con\u00e7us et r\u00e9alis\u00e9s au sein de nos ateliers&nbsp;<\/strong><strong>(aucune sous-traitance).<\/strong>&nbsp;Nous avons fait le choix de ma\u00eetriser l\u2019ensemble de la r\u00e9alisation de nos projets. &nbsp;<\/p>\n\n\n\n<h4 class=\"wp-block-heading\">Made in France<\/h4>\n","protected":false},"excerpt":{"rendered":"<p>La Satisfaction du client Compos\u00e9e d\u2019une vingtaine de collaborateurs dynamiques et innovants, COMEA PROCESS con\u00e7oit et r\u00e9alise des lignes compl\u00e8tes de production int\u00e9grant des machines sp\u00e9cifiques adapt\u00e9es au cahier des &hellip; <\/p>\n","protected":false},"author":1,"featured_media":0,"parent":0,"menu_order":0,"comment_status":"closed","ping_status":"closed","template":"","meta":{"footnotes":""},"class_list":["post-17","page","type-page","status-publish","hentry"],"_links":{"self":[{"href":"https:\/\/www.comeapro.fr\/index.php\/wp-json\/wp\/v2\/pages\/17","targetHints":{"allow":["GET"]}}],"collection":[{"href":"https:\/\/www.comeapro.fr\/index.php\/wp-json\/wp\/v2\/pages"}],"about":[{"href":"https:\/\/www.comeapro.fr\/index.php\/wp-json\/wp\/v2\/types\/page"}],"author":[{"embeddable":true,"href":"https:\/\/www.comeapro.fr\/index.php\/wp-json\/wp\/v2\/users\/1"}],"replies":[{"embeddable":true,"href":"https:\/\/www.comeapro.fr\/index.php\/wp-json\/wp\/v2\/comments?post=17"}],"version-history":[{"count":1,"href":"https:\/\/www.comeapro.fr\/index.php\/wp-json\/wp\/v2\/pages\/17\/revisions"}],"predecessor-version":[{"id":18,"href":"https:\/\/www.comeapro.fr\/index.php\/wp-json\/wp\/v2\/pages\/17\/revisions\/18"}],"wp:attachment":[{"href":"https:\/\/www.comeapro.fr\/index.php\/wp-json\/wp\/v2\/media?parent=17"}],"curies":[{"name":"wp","href":"https:\/\/api.w.org\/{rel}","templated":true}]}}